 -130 - -1?
-12d
In base 14, what is 3b + -7?
34
In base 8, what is -4 + -4135?
-4141
In base 13, what is -6 + -221?
-227
In base 16, what is -4 + -d0?
-d4
In base 16, what is -a - -1a?
10
In base 7, what is 1 + -142?
-141
In base 16, what is 2 + -64?
-62
In base 5, what is 4 + 213?
222
In base 12, what is 10 - -65?
75
In base 8, what is 117 + 6?
125
In base 15, what is 5 - -476?
47b
In base 13, what is 8 + 16?
21
In base 14, what is -4a1 + -4?
-4a5
In base 10, what is 1 - -6818?
6819
In base 12, what is -ba + 1?
-b9
In base 7, what is 120 - 136?
-16
In base 9, what is 25 + 5?
31
In base 13, what is 1 - 2a?
-29
In base 14, what is -7d - -4?
-79
In base 4, what is -10 + 1323?
1313
In base 10, what is 7 - -36?
43
In base 9, what is 2142 + 2?
2144
In base 15, what is 1b67 + 5?
1b6c
In base 5, what is -3 + 212?
204
In base 11, what is -9 - a?
-18
In base 6, what is 4 - 11?
-3
In base 9, what is 182 - -72?
264
In base 16, what is 2f - -6?
35
In base 9, what is 171 + -4?
166
In base 16, what is -2df + -1b?
-2fa
In base 15, what is 2 + 0?
2
In base 15, what is -106 - -2?
-104
In base 6, what is 2 - 344?
-342
In base 4, what is 3 - 311?
-302
In base 5, what is -4302 + -4?
-4311
In base 7, what is -22512 + -2?
-22514
In base 4, what is 2230311 + 3?
2230320
In base 8, what is -4 - 245?
-251
In base 6, what is 3 - -2222?
2225
In base 3, what is 100 + 12022?
12122
In base 8, what is -430 + -7?
-437
In base 6, what is 0 + 352?
352
In base 6, what is -22 - -53?
31
In base 2, what is 1000 + -11000010101?
-11000001101
In base 15, what is 4 - -149?
14d
In base 7, what is -4 + -10533?
-10540
In base 16, what is 30 + 37?
67
In base 7, what is 2354 + -2?
2352
In base 10, what is 136 + -1?
135
In base 11, what is 4 + 268?
271
In base 14, what is 129 + -2?
127
In base 2, what is -111011001001 - 110?
-111011001111
In base 8, what is -322 + -45?
-367
In base 13, what is -4c09 + 5?
-4c04
In base 13, what is -4b2 - c?
-4c1
In base 13, what is -1 - -87?
86
In base 14, what is 45 - -c?
53
In base 15, what is b5 + -1?
b4
In base 14, what is -40a3 - -1?
-40a2
In base 6, what is -10 + -44?
-54
In base 14, what is -15 - -5?
-10
In base 7, what is -300 - 101?
-401
In base 13, what is -1 + -2497?
-2498
In base 15, what is 2 - 26?
-24
In base 3, what is -2210221 - 200?
-2211121
In base 10, what is 12 + 35?
47
In base 7, what is 610 + -14?
563
In base 7, what is -1 + 64?
63
In base 15, what is -393 - -1?
-392
In base 16, what is 1 - 52?
-51
In base 2, what is -1101001100 + 11000?
-1100110100
In base 14, what is 4d1 + 3?
4d4
In base 9, what is 5 - 4818?
-4813
In base 10, what is -4 + 165?
161
In base 14, what is -4 - -45?
41
In base 2, what is -100100110 - 101?
-100101011
In base 11, what is -1 - 167?
-168
In base 6, what is 45110 + -1?
45105
In base 13, what is 0 - 362?
-362
In base 2, what is -1101001 + -11?
-1101100
In base 15, what is -38d - e?
-39c
In base 14, what is -1d + -3d?
-5c
In base 5, what is -44323 + 3?
-44320
In base 8, what is 30 + 107?
137
In base 13, what is 2 - -232?
234
In base 5, what is 31 + -132?
-101
In base 10, what is 1145 + 2?
1147
In base 3, what is -2 - 1101002?
-1101011
In base 5, what is -2334 - 2?
-2341
In base 2, what is 101000 + -10?
100110
In base 5, what is 1404 - 2?
1402
In base 12, what is -2115 + 0?
-2115
In base 3, what is -2012 + 12?
-2000
In base 9, what is -58 - -1056?
887
In base 4, what is 1 - -3100?
3101
In base 8, what is -3 + 33?
30
In base 8, what is 1626 + -1?
1625
In base 14, what is 33 - 41?
-c
In base 10, what is -139 + -3?
-142
In base 12, what is 5 + 49?
52
In base 3, what is -1001 - -12?
-212
In base 2, what is 111010000 - -1?
111010001
In base 6, what is -20 + 2?
-14
In base 4, what is 2 + -1002202?
-1002200
In base 6, what is 5 - -2204?
2213
In base 5, what is -2 + 331?
324
In base 7, what is -5 + -526?
-534
In base 5, what is 10 + 32?
42
In base 6, what is -113325 + -1?
-113330
In base 16, what is cdf - 0?
cdf
In base 4, what is 313 + -12220?
-11301
In base 14, what is -3 + 1c09?
1c06
In base 7, what is -26 + 640?
611
In base 7, what is 1 - 36?
-35
In base 15, what is -1aa2 - 0?
-1aa2
In base 4, what is -113 - -10?
-103
In base 12, what is -4 - 2?
-6
In base 5, what is 412 - 10?
402
In base 9, what is -3 - -175?
172
In base 15, what is 5 + 102?
107
In base 2, what is 110 - -101111?
110101
In base 9, what is -31 - 4?
-35
In base 5, what is 2023 + 1?
2024
In base 13, what is 148 - 1?
147
In base 5, what is -3 + -1244?
-1302
In base 8, what is -3 + 40?
35
In base 9, what is 1037 + 4?
1042
In base 8, what is -103 - 21?
-124
In base 13, what is 235 + 3?
238
In base 11, what is -1 - -6a?
69
In base 7, what is -5213 - 2?
-5215
In base 9, what is 0 - -36?
36
In base 16, what is 6 - -41?
47
In base 2, what is 101000 - -11001?
1000001
In base 12, what is 6 + -2?
4
In base 3, what is 21201 - -2?
21210
In base 7, what is -12104 + -1?
-12105
In base 3, what is 110 + 102?
212
In base 8, what is 0 - -524?
524
In base 9, what is -376 - -1?
-375
In base 15, what is 4 + 70?
74
In base 4, what is 333 - 2112?
-1113
In base 14, what is 1d + -2c?
-d
In base 11, what is 1 - 16?
-15
In base 6, what is -113 + -12?
-125
In base 8, what is -1 - 451?
-452
In base 15, what is 0 - -198c?
198c
In base 5, what is -1100 + -4?
-1104
In base 7, what is -6 - 1102?
-1111
In base 10, what is -20 + 276?
256
In base 6, what is -21 - -2343?
2322
In base 2, what is -1101010101111 - -100?
-1101010101011
In base 14, what is 132 - 1?
131
In base 10, what is 3 - 13?
-10
In base 10, what is 166 + 5?
171
In base 14, what is -2 + 15ca?
15c8
In base 7, what is -245 - 0?
-245
In base 13, what is -2 - -b4?
b2
In base 13, what is -483 - 15?
-498
In base 5, what is -10 + 141?
131
In base 3, what is -120 + 202?
12
In base 15, what is -24 - -14c?
128
In base 2, what is -11011101110 - 0?
-11011101110
In base 10, what is 12 - 32?
-20
In base 12, what is 2 + -10b?
-109
In base 11, what is -5 - -29a6?
29a1
In base 4, what is -2 + -111132?
-111200
In base 5, what is -14 - 102?
-121
In base 13, what is 535 - 0?
535
In base 16, what is -6 - 50?
-56
In base 16, what is -19 + d2?
b9
In base 2, what is -10101 + 1?
-10100
In base 16, what is -e - -4?
-a
In base 12, what is 16 - -5?
1b
In base 16, what is 10 + -20?
-10
In base 12, what is 1 - 26?
-25
In base 8, what is -265 + 5?
-260
In base 7, what is -310 - -2?
-305
In base 9, what is 1 - 1867?
-1866
In base 3, what is 0 + -220?
-220
In base 14, what is -2 - -10?
c
In base 11, what is 24 + -24?
0
In base 5, what is 0 + 322?
322
In base 9, what is 13 + -118?
-105
In base 2, what is 10001010100 - -10?
10001010110
In base 7, what is 13 + 4?
20
In base 9, what is -30 - 27?
-57
In base 15, what is 24 - c?
17
In base 9, what is -2 + -374?
-376
In base 14, what is -2 + 11?
d
In base 7, what is 1214 + 1?
1215
In base 9, what is 18 - -10?
28
In base 14, what is 3 + -627?
-624
In base 15, what is 12 + -7?
a
In base 10, what is 0 + 4768?
4768
In base 16, what is -1c - 18?
-34
In base 10, what is 131 + 145?
276
In base 8, what is 7674 + 3?
7677
In base 2, what is 1000000 + -10?
111110
In base 3, what is -10 - -11101?
11021
In base 8, what is -4 - 33?
-37
In base 14, what is 4 - a7?
-a3
In base 2, what is -100 - -11001?
10101
In base 8, what is -67 - 2?
-71
In base 11, what is -3 + -1367?
-136a
In base 2, what is 100 + -11100111?
-11100011
In base 2, what is 10110011 - -1111?
11000010
In base 16, what is -23 - 5b?
-7e
In base 11, what is 21 - -95?
106
In base 2, what is 11100101 - -101?
11101010
In base 2, what is -1 + -111?
-1000
In base 3, what is 2122 + -200?
1222
In base 14, what is 9a4 - -1?
9a5
In base 14, what is -23a + -2?
-23c
In base 16, what is -16 + 1?
-15
In base 11, what is -115 + 0?
-115
In base 11, what is 581 - 31?
550
In base 7, what is -12 - -15?
3
In base 2, what is 101 + 101001011001?
101001011110
In base 10, what is 0 - -424?
424
In base 9, what is 4 - -803?
807
In base 12, what is -21 - -2?
-1b
In base 12, what is -33 - -15?
-1a
In base 13, what is 5 - 9c?
-97
In base 9, what is 51 + 11?
62
In base 14, what is 4 + -1391?
-138b
In base 16, what is -aa + -7?
-b1
In base 9, what is 4 - -62?
66
In base 14, what is 2 - 37?
-35
In base 3, what is -12221 + 2?
-12212
In base 4, what is 1032 + 21?
1113
In base 14, what is 0 + -37